= 23 + -14. Calculate the greatest common factor of w and d.
9
Suppose 45 = 3*w + 2*g - 75, 0 = -4*w + 3*g + 160. What is the greatest common factor of w and 16?
8
Suppose 9 - 234 = -3*m. Let h = m - 39. Let n = 28 - 4. Calculate the greatest common divisor of n and h.
12
Let g = -27 + 33. What is the greatest common divisor of 48 and g?
6
Let w = -18 - -26. Let j be (16/w)/(2/22). Suppose v - 4 = j. Calculate the greatest common factor of v and 65.
13
Let m be (-484)/(-6) - -1 - (-5)/15. Calculate the highest common factor of m and 41.
41
Suppose 2*r - 58 = p + 6*r, -240 = 5*p - 5*r. Let n be 0 + p/(2 + -4). Calculate the greatest common factor of n and 25.
25
Let v = -6 + 247. Suppose -4*i + w = 973, -2*i + w - v = -i. Let f = -154 - i. What is the greatest common factor of f and 10?
10
Let x(o) = -o**3 - 3*o**2 - 3*o + 4. Let p be x(-3). Calculate the highest common factor of 13 and p.
13
Suppose f + 3*u - 84 - 159 = 0, -2*f = 3*u - 474. What is the greatest common factor of f and 21?
21
Suppose 2*y - 80 = -2*f, -6*y - 3*f + 208 = -y. What is the highest common factor of 110 and y?
22
Let z(w) = 7*w + 1. Let l be z(5). What is the highest common factor of 12 and l?
12
Suppose 0 = -2*y + 4*y. Suppose y = -3*n + k + 331, 3*n + 3*k = 7*k + 334. Calculate the greatest common divisor of 10 and n.
10
Suppose k - 165 = -2*k. What is the greatest common divisor of 11 and k?
11
Let k(r) = -r**2 + 19*r + 21. Let l be k(12). Let j be 30/(-4)*(0 + -2). What is the highest common divisor of l and j?
15
Let w(m) = 86*m**2 + 1. Let g be w(1). Suppose -3*d + 33 = -g. Let a(x) = -x**3 + x**2 - x + 5. Let j be a(0). What is the greatest common factor of j and d?
5
Suppose 3*q - 14 = -l, 2*q - 55 = 5*l - 176. Let o = -18 + l. Let a be -15*1/(6/(-4)). What is the greatest common factor of o and a?
5
Let y be (90/2)/(8 + -7). Calculate the highest common divisor of y and 18.
9
Let z be 2*2 - (4 - 2). Suppose 7 = -4*t - 3*n, -5*t + z*n + 1 = -4*t. Let v be (2/2)/(t/(-3)). What is the highest common factor of v and 15?
3
Let a be 8/(-3)*3/(-2). Suppose a*j + 0 = 16. Calculate the greatest common factor of 36 and j.
4
Suppose -4*k + 9*k + 5*n - 65 = 0, 4*k - n = 32. What is the greatest common divisor of k and 126?
9
Let v be (-4 - (-4)/2) + 2. Suppose 0*c + c - 13 = v. What is the highest common factor of c and 117?
13
Let m = 15 - 12. Let x be m/(-3) - -3*7. What is the highest common factor of x and 5?
5
Suppose c + 4*c - 15 = 2*d, -2*c = -4*d - 6. Let n be (2/2 - d) + 29. Calculate the highest common factor of 6 and n.
6
Let n = 6 - -1. Let f = -57 + 58. Let p = n + f. What is the greatest common divisor of p and 56?
8
Let z(r) = -r**3 - 8*r**2 - 11*r - 8. Let y be (21/(-12))/((-1)/(-4)). Let b be z(y). Calculate the highest common divisor of 5 and b.
5
Let q(r) = -4*r**3 - 2*r**2 - 2*r - 4. Let f be q(-3). Suppose -5*i - f = -292. Let c be 1 + -1 + (56 - -4). Calculate the greatest common factor of c and i.
20
Let b be ((-3)/2)/((-1)/(-2)). Let y = b + 5. What is the greatest common factor of y and 2?
2
Let a = 304 + -274. Let x(y) = y**3 + 4*y**2 + 1. Let r be x(-3). What is the highest common divisor of r and a?
10
Let n be (-26)/8*(-4 - 0). What is the highest common divisor of 91 and n?
13
Suppose 19 = 5*p + 4. Calculate the greatest common factor of p and 27.
3
Let b(y) = -49*y - 15. Let g be b(-11). Suppose -g = -7*t + 3*t. Let c = -51 + t. What is the greatest common divisor of 10 and c?
10
Let q be 3/18*3*48. What is the greatest common factor of 36 and q?
12
Let n = -19 - -12. Let h be 10/14 - 2/n. Let a(t) = t. Let w be a(5). What is the highest common divisor of h and w?
1
Let p = -5 - -18. Let q = p + -2. What is the highest common divisor of q and 77?
11
Let a(x) = -1 + 4*x + 5*x + 0*x + 2*x. Let f be a(1). Calculate the highest common factor of 70 and f.
10
Let z = 128 + -80. Calculate the greatest common divisor of 3 and z.
3
Suppose -2*t + 2*s = -12, 3*t - 7*t + 2*s = -18. Let a(v) = 3*v - 2*v + 2*v + 2 + 2*v. Let z be a(t). Calculate the greatest common divisor of 153 and z.
17
Suppose 5*y + o = 65, 3*y = -3*o + 48 + 3. Suppose c + 192 = 3*c. Suppose g - 3*g = -c. What is the highest common factor of g and y?
12
Let l = 3 + 0. Suppose 298 = 5*g + 98. Suppose 0 = -l*d - 2*a + g, -4*d + d + 30 = -3*a. Calculate the highest common divisor of 36 and d.
12
Let t(f) = 23*f - 65. Let h be t(5). Calculate the highest common divisor of 10 and h.
10
Let i = -10 + 20. Suppose 6*o = i*o - 44. What is the highest common factor of 88 and o?
11
Let q(v) be the third derivative of -v**6/120 - 2*v**5/15 - v**4/8 - v**3/6 + v**2. Let j be q(-8). What is the highest common divisor of 23 and j?
23
Let i be (3/2)/((-4)/((-800)/15)). What is the greatest common divisor of i and 30?
10
Let d be (1/(-2))/(5/(-20)). Suppose -d*l = -l - 3. Suppose -l*x - 5*f = -17, 2*f - f - 9 = -2*x. What is the highest common factor of x and 4?
4
Suppose -w - 2*w + 12 = 0. Calculate the greatest common divisor of w and 12.
4
Suppose 9*l - 4*l + 30 = 4*a, 0 = 4*l - 2*a + 24. Let v be 0*(-3)/l - -10. Suppose 210 = s + 2*s. Calculate the greatest common divisor of s and v.
10
Let k(v) = v**2 - 1. Let x be k(1). Suppose x = 5*q - 132 + 12. Calculate the greatest common divisor of 8 and q.
8
Let c be 190/8 - (-7)/28. Calculate the highest common factor of c and 8.
8
Let k(m) = -4*m + 1. Let q be k(-4). Suppose 4*i - q = 15. What is the greatest common divisor of i and 16?
8
Let h(c) = c**2 + 2*c + 7. Let t be h(-9). What is the highest common divisor of t and 28?
14
Let t = 9 + -5. Suppose -y - 84 = -t*y. Suppose -72*a + 42 = -71*a. What is the highest common divisor of a and y?
14
Let d = 5 + -1. Let s = -5 - 0. Let o be (4 + s)*(-1 + -3). Calculate the highest common factor of d and o.
4
Let f(g) = 162*g**2 + 2*g - 2. Let b be f(1). What is the highest common factor of 18 and b?
18
Let q(n) = -n**2 - 8*n - 6. Let r be q(-5). What is the highest common divisor of 45 and r?
9
Let s be ((-1)/(-2))/((-4)/(-336)). Calculate the greatest common divisor of 21 and s.
21
Let l = 100 - 35. Suppose 0 = -3*f - 2*f + l. Let c = 21 - f. What is the greatest common divisor of c and 4?
4
Suppose 12 = v - 16. What is the greatest common factor of 28 and v?
28
Suppose -4*x + 232 = 5*c - 0*c, 0 = -c + 3*x + 54. Calculate the highest common divisor of c and 192.
48
Let o be 21 + -8 + (2 - 1). What is the greatest common factor of o and 112?
14
Suppose 0 = -2*d - 12*d + 2450. What is the greatest common factor of d and 7?
7
Suppose 3*k + 5*n = 4*k, -3*k - 4*n = 0. Suppose k = -4*m + 2*m + 12. Let t(f) = f**2 - 4*f - 3. Let b be t(-2). What is the greatest common factor of m and b?
3
Let y be -3 - ((-11)/1 - -4). What is the highest common factor of y and 36?
4
Let f(w) = 5*w - 1. Let b(c) = -5*c + 1. Let t(q) = -5*b(q) - 4*f(q). Let z be t(3). What is the highest common factor of z and 56?
14
Let f(y) = 3*y**2 - 6*y + 3. Let b be f(8). Let v be (7/2)/((-2)/(-12)). What is the greatest common factor of v and b?
21
Let h = 79 + 121. Calculate the greatest common factor of 80 and h.
40
Suppose 0 = -h - 4*h + 2*s + 100, -5*h + 100 = 3*s. Let w be 4/18 + (-3592)/(-36). What is the greatest common factor of h and w?
20
Let r(d) = 7*d. Let f be r(1). Suppose y = -5 + f. Suppose y*w = -3*w + 25. What is the highest common factor of w and 10?
5
Suppose 0 = -r + 6*r - 20. Suppose j + 120 = r*j. Let m(y) = 3*y**3 - y**2 - 3*y + 2. Let s be m(2). What is the greatest common factor of s and j?
8
Suppose 15 = 3*h - 0*h. Suppose 3*b - 4*x = 168, h*b + x - 97 - 183 = 0. What is the greatest common factor of 8 and b?
8
Let w = -14 + 9. Let c be (-79)/(-4) - w/20. Let s(p) = -p**2 + 7*p + 4. Let t be s(6). Calculate the highest common factor of c and t.
10
Let f = 86 + -75. What is the highest common divisor of 88 and f?
11
Suppose s + 8 = -4*q, 3 + 5 = -2*s - 4*q. Suppose s*u + 44 = 4*u. Calculate the highest common divisor of u and 11.
11
Let z = 34 - 31. Let w be 10/2*6/15. Suppose -z*a + u = -332, -w*a = -5*u - 0*u - 204. What is the highest common divisor of 16 and a?
16
Let d be 988/9 + (-6)/(-27). Let o be ((-1)/2)/((-3)/210). Let v = o - 25. Calculate the highest common divisor of v and d.
10
Suppose 3*x = -6, 